10-20 10:47:42.739 782 875 I PowerManagerService: Waking up from sleep (uid 1000)...
10-20 10:47:42.739 782 782 V KeyguardServiceDelegate: onStartedWakingUp()
10-20 10:47:42.741 782 814 I DisplayPowerController: Blocking screen on until initial contents have been drawn.
10-20 10:47:42.741 782 814 V KeyguardServiceDelegate: onScreenTurnedOn(showListener = com.android.server.policy.PhoneWindowManager$2@2773be2)
10-20 10:47:42.789 204 809 D NuPlayerDriver: stop(0xb27173c0)
10-20 10:47:42.789 204 809 D NuPlayerDriver: notifyListener_l(0xb27173c0), (8, 0, 0)
10-20 10:47:42.790 204 204 D NuPlayerDriver: reset(0xb27173c0)
10-20 10:47:42.792 204 16515 W AMessage: failed to post message as target looper for handler 0 is gone.
10-20 10:47:42.793 204 16515 D NuPlayerDriver: notifyResetComplete(0xb27173c0)
10-20 10:47:42.801 782 1736 V KeyguardServiceDelegate: **** SHOWN CALLED ****
10-20 10:47:42.812 1842 1842 D UpdateWidgetService: Updating widget using Alarm
10-20 10:47:42.821 204 204 D audio_hw_primary: adev_set_parameters: enter: screen_state=on
10-20 10:47:42.825 2509 2513 E ANDR-PERF-LOCK: Failed to reset optimization for resource: 4 level: 0
10-20 10:47:42.825 782 812 I DisplayManagerService: Display device changed state: "Built-in Screen", ON
10-20 10:47:42.825 197 197 D SurfaceFlinger: Set power mode=2, type=0 flinger=0xb6b24000
10-20 10:47:42.825 197 197 D qdhwcomposer: hwc_blank: Unblanking display: 0
10-20 10:47:42.833 782 883 E native : do suspend false
10-20 10:47:42.834 782 792 I AccountManagerService: getTypesVisibleToCaller: isPermitted? true
10-20 10:47:42.841 782 883 D WifiConfigStore: No blacklist allowed without epno enabled
10-20 10:47:42.846 1842 16955 D ThemeWidgetDao: getWidgetTheme::widgetId = 1 and themeId in (select _id from Theme where type = 3 )
10-20 10:47:42.883 1585 16966 E AppUsageEventWatcher: unexpected event type: 7
10-20 10:47:42.899 1704 1841 D BrcmNfcJni: RoutingManager::nfaEeCallback: NFA_EE_SET_TECH_CFG_EVT; status=0x0
10-20 10:47:42.899 1704 1841 D BrcmNfcJni: RoutingManager::nfaEeCallback: NFA_EE_SET_PROTO_CFG_EVT; status=0x0
10-20 10:47:42.899 1704 5595 D BrcmNfcJni: RoutingManager::commitRouting
10-20 10:47:42.919 782 3370 D WifiService: acquireWifiLockLocked: WifiLock{NlpWifiLock type=2 binder=android.os.BinderProxy@1fa286f}
10-20 10:47:42.920 3804 3804 V WoorldsService: com.goldtouch.ynet electing master
10-20 10:47:42.922 1704 1841 D BrcmNfcJni: RoutingManager::nfaEeCallback: NFA_EE_UPDATED_EVT
10-20 10:47:42.923 3804 3804 V WoorldsService: Received global message on com.goldtouch.ynet: com.woorlds.elect. intentVersion=17
10-20 10:47:42.931 3804 3804 V WoorldsService: Received global message on com.goldtouch.ynet: com.woorlds.electmaster. intentVersion=17
10-20 10:47:42.931 3804 3804 V WoorldsService: isCurrentNewer() intentVersionCode = 466 current: 466
10-20 10:47:42.933 3804 3804 V WoorldsService: com.goldtouch.ynet is still master
10-20 10:47:42.942 1842 16955 D ThemeWidgetDao: getWidgetTheme::widgetId = 1 and themeId in (select _id from Theme where type = 1 )
10-20 10:47:42.957 782 814 I DisplayPowerController: Unblocked screen on after 216 ms
10-20 10:47:43.037 1842 1842 D TimeService: Updating widget using TimeTick
10-20 10:47:43.066 197 197 D qdhwcomposer: hwc_blank: Done unblanking display: 0
10-20 10:47:43.066 782 900 D SurfaceControl: Excessive delay in setPowerMode(): 241ms
10-20 10:47:43.067 782 814 V KeyguardServiceDelegate: onScreenTurnedOn()
10-20 10:47:43.943 1868 1868 D MdnsClient: #acquireLock. Multicast lock not held. Acquiring
10-20 10:47:44.284 921 921 D PhoneStatusBar: disable: < expand ICONS alerts SYSTEM_INFO back HOME RECENT clock SEARCH quick_settings
> 10-20 10:47:44.335 204 802 D audio_hw_primary: out_set_parameters: enter: usecase(1: low-latency-playback) kvpairs: routing=2
10-20 10:47:44.351 921 921 D PhoneStatusBar: disable: < expand icons* alerts system_info* back HOME RECENT clock SEARCH quick_settings
> 10-20 10:47:44.360 204 801 D audio_hw_primary: select_devices: out_snd_device(2: speaker) in_snd_device(0: none)
10-20 10:47:44.360 204 801 D msm8974_platform: platform_send_audio_calibration: sending audio calibration for snd_device(2) acdb_id(15)
10-20 10:47:44.360 204 801 D audio_hw_primary: enable_snd_device: snd_device(2: speaker)
10-20 10:47:44.363 204 801 D audio_hw_primary: enable_audio_route: apply and update mixer path: low-latency-playback
10-20 10:47:44.377 782 3370 W InputMethodManagerService: Window already focused, ignoring focus gain of: com.android.internal.view.IInputMethodClient$Stub$Proxy@db20580 attribute=android.view.inputmethod.EditorInfo@37987b9, token = android.os.BinderProxy@970eaa
10-20 10:47:44.379 1672 1672 I Keyboard.Facilitator: onFinishInput()
10-20 10:47:44.381 2116 2116 V UserPresentBroadcastReceiver: Received Intent { act=android.intent.action.USER_PRESENT flg=0x24000010 cmp=com.google.android.gms/.auth.trustagent.UserPresentBroadcastReceiver }.
10-20 10:47:44.387 3804 3804 D HomeBaseSDK: ScreenStateAndBootCompletedReceiver android.intent.action.USER_PRESENT
10-20 10:47:44.398 921 921 D PhoneStatusBar: disable: < expand icons alerts system_info back home* recent* clock search* quick_settings
> 10-20 10:47:44.400 1704 1841 E BrcmNfcJni: nfaConnectionCallback: unknown event ????
10-20 10:47:44.400 1704 1841 D BrcmNfcJni: RoutingManager::nfaEeCallback: NFA_EE_SET_TECH_CFG_EVT; status=0x0
10-20 10:47:44.400 1704 1841 D BrcmNfcJni: RoutingManager::nfaEeCallback: NFA_EE_SET_PROTO_CFG_EVT; status=0x0
10-20 10:47:44.400 1704 3041 D BrcmNfcJni: RoutingManager::commitRouting
10-20 10:47:44.406 1704 1841 D BrcmNfcJni: RoutingManager::nfaEeCallback: NFA_EE_UPDATED_EVT
10-20 10:47:44.482 1842 17014 D ThemeWidgetDao: getWidgetTheme::widgetId = 1 and themeId in (select _id from Theme where type = 3 )
10-20 10:47:44.535 1842 17014 D ThemeWidgetDao: getWidgetTheme::widgetId = 1 and themeId in (select _id from Theme where type = 1 )
10-20 10:47:45.845 782 885 D ConnectivityService: updateNetworkScore for NetworkAgentInfo [WIFI () - 100] to 60
10-20 10:47:45.845 782 885 D ConnectivityService: rematching NetworkAgentInfo [WIFI () - 100]
10-20 10:47:46.485 3804 3804 V WoorldsWifiController: Skipping already connected
10-20 10:47:46.485 3804 3804 V WoorldsService: Find has been skipped
10-20 10:47:46.485 3804 3804 V WoorldsWifiController: scanned APs: 7
10-20 10:47:46.964 2116 2186 D LocationFilter: Forcing stable location. Original location:Location[fused 32.086592,34.784556 acc=37 et=+55m7s106ms] because SMD didn't trigger.
10-20 10:47:46.966 782 1749 D WifiService: releaseWifiLockLocked: WifiLock{NlpWifiLock type=2 binder=android.os.BinderProxy@1fa286f}
10-20 10:47:46.980 2116 2116 I GCoreUlr: Starting service, intent=Intent { act=com.google.android.location.reporting.ACTION_UPDATE_ACTIVE_STATE cmp=com.google.android.gms/com.google.android.location.reporting.service.DispatchingService (has extras) }, extras=Bundle[{source=PowerModeReceiver}]
10-20 10:47:46.981 2116 2186 D LocationFilter: Significant motion detection disabled.
10-20 10:47:47.038 2116 2262 I GCoreUlr: Successfully inserted 1 locations
10-20 10:47:47.038 2116 2262 I GCoreUlr: Not calling LocationReporter, hasMoved: false, elapsed millis: 1459445, request: Stationary(3600000)
10-20 10:47:47.093 2116 2262 I GCoreUlr: DispatchingService.updateActiveState+PowerModeReceiver: Ensuring that reporting is active for [account#17#]
10-20 10:47:47.101 2116 2262 I GCoreUlr: GMS FLP location and AR updates requested: {"description":"default","newRequest":true,"samplePeriodMs":300000,"sampleReason":"default","sampleSource":"internal","timestampMs":1445327267077}
10-20 10:47:47.705 782 1749 I ActivityManager: START u0 {act=android.intent.action.MAIN cat=[android.intent.category.LAUNCHER] flg=0x10200000 cmp=com.imoogi.gevacampus/.YoelGevaCampusActivity bnds=[540,870][804,1167] (has extras)} from uid 10020 on display 0
10-20 10:47:47.722 1912 4037 W SearchService: Abort, client detached.
10-20 10:47:47.736 782 793 I ActivityManager: Start proc 17057:com.imoogi.gevacampus/u0a160 for activity com.imoogi.gevacampus/.YoelGevaCampusActivity
10-20 10:47:47.754 204 802 D audio_hw_primary: disable_audio_route: reset and update mixer path: low-latency-playback
10-20 10:47:47.755 204 802 D audio_hw_primary: disable_snd_device: snd_device(2: speaker)
10-20 10:47:47.759 782 3097 D NetlinkSocketObserver: NeighborEvent{elapsedMs=3308384, 10.0.0.138, [D8FEE3045228], RTM_NEWNEIGH, NUD_REACHABLE}
10-20 10:47:47.807 17057 17057 I TiApplication: (main) [0,0] checkpoint, app created.
10-20 10:47:47.913 1744 1948 E Surface : getSlotFromBufferLocked: unknown buffer: 0xa897e5c0
10-20 10:47:48.186 17057 17057 I TiApplication: (main) [379,379] Titanium 5.2.0 (2015/10/08 21:20 ba4c37d)
10-20 10:47:48.276 17057 17093 E linker : readlink('/proc/self/fd/17') failed: Permission denied [fd=17]
10-20 10:47:48.276 17057 17093 E linker : warning: unable to get realpath for the library "/data/app/com.imoogi.gevacampus-1/lib/arm/libstlport_shared.so". Will use given name.
10-20 10:47:48.294 17057 17093 E linker : readlink('/proc/self/fd/17') failed: Permission denied [fd=17]
10-20 10:47:48.297 17057 17093 E linker : warning: unable to get realpath for the library "/data/app/com.imoogi.gevacampus-1/lib/arm/libkroll-v8.so". Will use given name.
10-20 10:47:48.299 17057 17057 I TiApplication: (main) [113,492] Titanium Javascript runtime: v8
10-20 10:47:48.324 17057 17057 I TiRootActivity: (main) [0,0] checkpoint, on root activity create, savedInstanceState: null
10-20 10:47:48.327 17057 17057 I TiApplication: (main) [3,3] Analytics have been disabled
10-20 10:47:48.328 17057 17057 W TiTempFileHelper: (main) [1,4] The external temp directory doesn't exist, skipping cleanup
10-20 10:47:48.423 17057 17093 W V8Object: (KrollRuntimeThread) [95,99] Runtime disposed, cannot set property 'userAgent'
10-20 10:47:48.452 17057 17093 E linker : readlink('/proc/self/fd/17') failed: Permission denied [fd=17]
10-20 10:47:48.452 17057 17093 E linker : warning: unable to get realpath for the library "/data/app/com.imoogi.gevacampus-1/lib/arm/libti.styledlabel.so". Will use given name.
10-20 10:47:48.461 17057 17093 E linker : readlink('/proc/self/fd/17') failed: Permission denied [fd=17]
10-20 10:47:48.461 17057 17093 E linker : warning: unable to get realpath for the library "/data/app/com.imoogi.gevacampus-1/lib/arm/libti.compression.so". Will use given name.
10-20 10:47:48.470 17057 17093 E AndroidRuntime: FATAL EXCEPTION: KrollRuntimeThread
10-20 10:47:48.470 17057 17093 E AndroidRuntime: Process: com.imoogi.gevacampus, PID: 17057
10-20 10:47:48.470 17057 17093 E AndroidRuntime: java.lang.UnsatisfiedLinkError: dlopen failed: /data/app/com.imoogi.gevacampus-1/lib/arm/libti.compression.so: has text relocations
10-20 10:47:48.470 17057 17093 E AndroidRuntime: at java.lang.Runtime.loadLibrary(Runtime.java:372)
10-20 10:47:48.470 17057 17093 E AndroidRuntime: at java.lang.System.loadLibrary(System.java:1076)
10-20 10:47:48.470 17057 17093 E AndroidRuntime: at org.appcelerator.kroll.runtime.v8.V8Runtime.loadExternalModules(V8Runtime.java:132)
10-20 10:47:48.470 17057 17093 E AndroidRuntime: at org.appcelerator.kroll.runtime.v8.V8Runtime.initRuntime(V8Runtime.java:99)
10-20 10:47:48.470 17057 17093 E AndroidRuntime: at org.appcelerator.kroll.KrollRuntime.doInit(KrollRuntime.java:185)
10-20 10:47:48.470 17057 17093 E AndroidRuntime: at org.appcelerator.kroll.KrollRuntime$KrollRuntimeThread.run(KrollRuntime.java:109)
10-20 10:47:48.471 782 1749 W ActivityManager: Force finishing activity com.imoogi.gevacampus/.YoelGevaCampusActivity
10-20 10:47:48.772 782 1749 I WindowManager: Screenshot max retries 4 of Token{386b386 ActivityRecord{73e7c61 u0 com.imoogi.gevacampus/.YoelGevaCampusActivity t26 f}} appWin=Window{d96565b u0 Starting com.imoogi.gevacampus} drawState=4
10-20 10:47:48.812 782 3373 I OpenGLRenderer: Initialized EGL, version 1.4
10-20 10:47:49.273 782 798 W ActivityManager: Activity pause timeout for ActivityRecord{73e7c61 u0 com.imoogi.gevacampus/.YoelGevaCampusActivity t26 f}
10-20 10:47:49.394 1868 2724 I Icing : Usage reports 1 indexed 0 rejected 0 imm upload true
10-20 10:47:49.397 1868 2724 W Icing : GetUsageReports fallback to slow seek
10-20 10:47:49.877 1744 1948 W OpenGLRenderer: Incorrectly called buildLayer on View: ShortcutAndWidgetContainer, destroying layer...
10-20 10:47:49.878 1744 1948 W OpenGLRenderer: Incorrectly called buildLayer on View: ShortcutAndWidgetContainer, destroying layer...
10-20 10:47:55.209 782 875 I PowerManagerService: Going to sleep due to power button (uid 1000)...
10-20 10:47:55.210 782 814 I PowerManagerService: Sleeping (uid 1000)...
10-20 10:47:55.244 204 204 W AudioPolicyIntefaceImpl: getOutputForAttr uid 10012 tried to pass itself off as 1000
10-20 10:47:55.260 204 891 W AudioFlinger: uid 10012 tried to pass itself off as 1000
10-20 10:47:55.291 204 802 D audio_hw_primary: out_set_parameters: enter: usecase(1: low-latency-playback) kvpairs: routing=2
10-20 10:47:55.312 204 801 D audio_hw_primary: select_devices: out_snd_device(2: speaker) in_snd_device(0: none)
10-20 10:47:55.312 204 801 D msm8974_platform: platform_send_audio_calibration: sending audio calibration for snd_device(2) acdb_id(15)
10-20 10:47:55.313 204 801 D audio_hw_primary: enable_snd_device: snd_device(2: speaker)
10-20 10:47:55.314 204 801 D audio_hw_primary: enable_audio_route: apply and update mixer path: low-latency-playback
10-20 10:47:55.739 782 814 V KeyguardServiceDelegate: onScreenTurnedOff()
10-20 10:47:55.741 782 812 I DisplayManagerService: Display device changed state: "Built-in Screen", OFF
10-20 10:47:55.743 197 197 D SurfaceFlinger: Set power mode=0, type=0 flinger=0xb6b24000
10-20 10:47:55.743 197 197 D qdhwcomposer: hwc_blank: Blanking display: 0
10-20 10:47:56.031 197 197 D qdhwcomposer: hwc_blank: Done blanking display: 0
10-20 10:47:56.033 782 900 D SurfaceControl: Excessive delay in setPowerMode(): 292ms
10-20 10:47:56.034 2509 2513 E ANDR-PERF-LOCK: Failed to apply optimization for resource: 4 level: 0
10-20 10:47:56.134 782 883 E native : do suspend true
10-20 10:47:56.135 204 809 D audio_hw_primary: adev_set_parameters: enter: screen_state=off
10-20 10:47:56.159 921 921 D PhoneStatusBar: disable: < expand ICONS* alerts SYSTEM_INFO* back home recent clock search quick_settings
> 10-20 10:47:56.235 921 921 D PhoneStatusBar: disable: < expand ICONS alerts SYSTEM_INFO back HOME* RECENT* clock SEARCH* quick_settings
> 10-20 10:47:56.314 1868 1868 D MdnsClient: Multicast lock held. Releasing
10-20 10:47:56.632 3804 3804 V WoorldsWifiController: Skipping already connected
10-20 10:47:56.632 3804 3804 V WoorldsService: Find has been skipped
10-20 10:47:56.632 3804 3804 V WoorldsWifiController: scanned APs: 11
10-20 10:47:58.550 204 802 D audio_hw_primary: disable_audio_route: reset and update mixer path: low-latency-playback
10-20 10:47:58.550 204 802 D audio_hw_primary: disable_snd_device: snd_device(2: speaker)
10-20 10:47:59.380 782 798 W ActivityManager: Activity destroy timeout for ActivityRecord{73e7c61 u0 com.imoogi.gevacampus/.YoelGevaCampusActivity t26 f}
10-20 10:47:59.574 1868 1868 I art : Waiting for a blocking GC DisableMovingGc
10-20 10:47:59.575 1868 1868 I art : Starting a blocking GC DisableMovingGc
10-20 10:47:59.603 782 1013 I AccountManagerService: getTypesVisibleToCaller: isPermitted? true
10-20 10:48:04.764 782 792 I ActivityManager: Killing 9595:com.android.vending/u0a15 (adj 15): empty for 1803s
10-20 10:48:06.226 1842 1842 D TimeService: Updating widget using TimeTick
10-20 10:48:13.390 782 3097 D NetlinkSocketObserver: NeighborEvent{elapsedMs=3334014, 10.0.0.138, [D8FEE3045228], RTM_NEWNEIGH, NUD_STALE}
10-20 10:48:13.885 1585 4280 I GCM : GCM message GSYNC_TICKLE 0:1445327387618727%e7a7135331877606
10-20 10:48:13.895 1585 17296 I SubscribedFeeds: Received message
10-20 10:48:13.945 7439 17297 W Gmail : Sync started for account: account:-1784217783
10-20 10:48:13.947 7439 17297 I Gmail : notifyAccountChanged
10-20 10:48:13.948 7439 7454 I Gmail : getAccountsCursor
10-20 10:48:13.949 782 1736 I AccountManagerService: getTypesVisibleToCaller: isPermitted? true
10-20 10:48:13.952 1585 1585 V GLSActivity: AuthDelegateWrapperCreated with selected intent: Intent { cmp=com.google.android.gms/.auth.DefaultAuthDelegateService }
10-20 10:48:13.968 7439 17297 I Gmail : MainSyncRequestProto: lowestBkwdConvoId: 0, highestHandledServerOp: 926894, normalSync: true
10-20 10:48:14.003 1585 1585 V GLSActivity: AuthDelegateWrapperCreated with selected intent: Intent { cmp=com.google.android.gms/.auth.DefaultAuthDelegateService }
10-20 10:48:14.004 782 1831 I AccountManagerService: getTypesVisibleToCaller: isPermitted? true
10-20 10:48:14.007 1585 1585 V GLSActivity: AuthDelegateWrapperCreated with selected intent: Intent { cmp=com.google.android.gms/.auth.DefaultAuthDelegateService }
10-20 10:48:14.008 1585 1585 V GLSActivity: AuthDelegateWrapperCreated with selected intent: Intent { cmp=com.google.android.gms/.auth.DefaultAuthDelegateService }
10-20 10:48:14.017 782 2692 I AccountManagerService: getTypesVisibleToCaller: isPermitted? true
10-20 10:48:14.018 782 793 I AccountManagerService: getTypesVisibleToCaller: isPermitted? true
10-20 10:48:14.019 782 792 I AccountManagerService: getTypesVisibleToCaller: isPermitted? true
10-20 10:48:14.275 782 1831 I AccountManagerService: getTypesVisibleToCaller: isPermitted? true
10-20 10:48:14.293 1585 1585 V GLSActivity: AuthDelegateWrapperCreated with selected intent: Intent { cmp=com.google.android.gms/.auth.DefaultAuthDelegateService }
10-20 10:48:14.456 7439 17297 I Gmail : MainSyncRequestProto: lowestBkwdConvoId: 0, highestHandledServerOp: 926941, normalSync: true
10-20 10:48:14.457 7439 17297 I Gmail : lowestBackward conversation id 0
10-20 10:48:14.541 7439 17297 I Gmail : Sending provider changed intent: Intent { act=android.intent.action.PROVIDER_CHANGED dat=content://gmail-ls/unread/^sq_ig_i_personal (has extras) }
10-20 10:48:14.549 782 793 I AccountManagerService: getTypesVisibleToCaller: isPermitted? true
10-20 10:48:14.549 782 1736 I AccountManagerService: getTypesVisibleToCaller: isPermitted? true
10-20 10:48:14.549 782 2687 I AccountManagerService: getTypesVisibleToCaller: isPermitted? true
10-20 10:48:14.550 782 1013 I AccountManagerService: getTypesVisibleToCaller: isPermitted? true
10-20 10:48:14.556 7439 17314 I NotifUtils: Validating Notification, mapSize: 0 getAttention: false ignoreUnobtrusive: false
10-20 10:48:14.557 7439 17297 I Gmail : notifyAccountChanged
10-20 10:48:14.558 7439 17297 W Gmail : Sync complete for account: account:-1784217783
10-20 10:48:14.559 7439 7463 I Gmail : getAccountsCursor
10-20 10:48:14.559 782 1736 I AccountManagerService: getTypesVisibleToCaller: isPermitted? true
10-20 10:48:14.563 1585 1585 V GLSActivity: AuthDelegateWrapperCreated with selected intent: Intent { cmp=com.google.android.gms/.auth.DefaultAuthDelegateService }
10-20 10:48:14.565 7439 17314 I NotifUtils: validateNotifications - cancelling -714123133 for -1784217783 / -317575340
10-20 10:48:15.576 1868 2724 I Icing : Indexing 79F9369E1D095B6FB4AC0442676E90F3A4326ABE from com.google.android.gm
10-20 10:48:15.803 1868 2724 I Icing : Indexing done 79F9369E1D095B6FB4AC0442676E90F3A4326ABE
10-20 10:48:18.849 782 3097 D NetlinkSocketObserver: NeighborEvent{elapsedMs=3339474, 10.0.0.138, [D8FEE3045228], RTM_NEWNEIGH, NUD_REACHABLE}
10-20 10:48:27.510 782 3097 D NetlinkSocketObserver: NeighborEvent{elapsedMs=3348134, 10.0.0.138, [D8FEE3045228], RTM_NEWNEIGH, NUD_STALE}
10-20 10:48:33.281 782 3097 D NetlinkSocketObserver: NeighborEvent{elapsedMs=3353905, 10.0.0.138, [D8FEE3045228], RTM_NEWNEIGH, NUD_PROBE}
10-20 10:48:42.954 782 1736 I AccountManagerService: getTypesVisibleToCaller: isPermitted? true
10-20 10:48:44.387 1672 8337 I Keyboard.Facilitator.LanguageModelFlusher: run()
10-20 10:48:44.387 1672 8337 I Keyboard.Facilitator: flushDynamicLanguageModels()
10-20 10:48:44.477 1585 1585 I ConfigService: onCreate
10-20 10:48:49.538 1585 1585 I ConfigService: onDestroy